et h(u) = -17*u + 2. Let z(x) = x + 1. Let m be z(2). Suppose -m*c + 0*c = 9. Calculate the remainder when h(c) is divided by 18.
17
Let k(r) = -r**2 + 7*r - 1. Let x be k(5). Let h = x - -17. Calculate the remainder when h is divided by 9.
8
Suppose -p - 9 + 3 = 0. Calculate the remainder when (61/3)/((-2)/p) is divided by 16.
13
Let c be 66/(-15) - (-8)/20. Let w(h) = 2*h**2 - 2*h. What is the remainder when w(c) is divided by 14?
12
Suppose -a = -0*a - 18. Let r(f) = f**3 + 10*f**2 + f + 13. Let z be r(-10). Calculate the remainder when z/9 - (-155)/3 is divided by a.
16
Suppose 5*n = -3*x + n + 1, 7 = x - 2*n. Calculate the remainder when x is divided by 2.
1
Let b(n) = n**2 + 1. Suppose -4*q + 10 = 3*a, a + q = -a + 15. Calculate the remainder when b(-6) is divided by a.
7
Let w be -9 + 10 - (-1 + 0). Suppose -w*s = -f - 103, 5*s + f + 3*f - 277 = 0. Calculate the remainder when s is divided by 14.
11
Suppose -r - 2 + 4 = 0. Let c = 19 - r. What is the remainder when 66 is divided by c?
15
Let w = 95 + 0. Suppose -4*s = -5*c + 77, 2*c + 3*c - w = -5*s. Calculate the remainder when 5/2*(-588)/(-30) is divided by c.
15
Suppose -2*v - 27 = 27. Let n = 220 + 7. Calculate the remainder when 6/v + n/9 is divided by 13.
12
Suppose f - 5*z - 76 = -f, 3*z - 76 = -2*f. Calculate the remainder when f is divided by 21/(-1 - 5/(-2)).
10
Suppose 0 = q + 2, q + 0*q = 5*u - 62. Let r = 8 - 5. Suppose -r = -y + u. What is the remainder when 29 is divided by y?
14
What is the remainder when 147 is divided by (-1 + 0)/(-5 + 588/119)?
11
Suppose 0 = -3*r - 3*t + 2*t + 57, 0 = -4*r + 2*t + 76. Calculate the remainder when r is divided by 11.
8
Let f = -6 + 10. Suppose f*i - 4 - 4 = 0. Calculate the remainder when 5 is divided by i.
1
Let y = 74 + -52. Let q = y + -8. Calculate the remainder when 55 is divided by q.
13
Let m be -2*(1 + 170/(-4)). Suppose -3*l + m = -58. What is the remainder when l is divided by 10?
7
Let t be (-3)/5 - 9/(-15). Suppose t = x - 18 + 4. Calculate the remainder when 41 is divided by x.
13
Suppose 0 = 4*l, y - 276 = -3*y + 5*l. Calculate the remainder when y is divided by 24.
21
Let r(j) = 2*j - 3. Let x(o) = 4*o**2 + 2*o + 1. Let m be x(-1). Let l be r(m). Let g = 27 - l. What is the remainder when g is divided by 13?
11
Suppose -5*m = -0*m + 5. Calculate the remainder when 38 is divided by (-3 + 0 + -10)/m.
12
Calculate the remainder when (-88)/(-3) - 1/3 is divided by 11.
7
Let p(w) = w**3 - 4*w**2 + 4*w - 8. Calculate the remainder when 30 is divided by p(4).
6
Let n be -5*1*(-1)/1. Suppose -2*s - 6 = 0, n*o - 5*s - 20 - 35 = 0. Calculate the remainder when o is divided by 4.
0
Let i(w) = w**3 - 7*w**2 + 6*w + 10. Let l be i(7). Let y = l - 34. Suppose 0 = -o - 5*p + y, -3*o - o = 2*p - 18. What is the remainder when 5 is divided by o?
2
Suppose z - 2*z + 1 = 0. Let l(n) = 14*n**3 - n**2 + 2*n - 1. Calculate the remainder when (164/6)/((-4)/(-6)) is divided by l(z).
13
Suppose -y + 31 + 0 = -r, 124 = 4*y - r. What is the remainder when 58 is divided by y?
27
Let h(i) = i**3 - 7*i**2 + 8*i - 4. Let t be h(6). Suppose 32 = 5*b - 38. Calculate the remainder when b is divided by (1/(-2))/((-1)/t).
2
Suppose -29 = 4*a + 5*z - 117, -a - 4*z + 11 = 0. Calculate the remainder when a is divided by 7.
6
Let b(g) = -2*g**3 - 2*g**2 - g + 4. Suppose 7*k = k + 90. Calculate the remainder when b(-3) is divided by k.
13
Suppose 8*x - 7*x = 4. Suppose f - x*f - 63 = -4*d, 0 = 3*d + 4*f - 16. Calculate the remainder when d is divided by (-10)/((-4)/(-2))*-1.
2
What is the remainder when 24 is divided by 1/(32/10 - 3)?
4
Let l(b) = 4*b**2 + 19*b - 10. What is the remainder when 58 is divided by l(-6)?
18
Let q(o) = o**2 + 1. Suppose 3*t - 12 = -0*t - 4*n, 0 = -4*n. Calculate the remainder when q(-2) is divided by t.
1
Let v = -14 - -18. Let l be ((-26)/(-4))/(2/4). Suppose -v*k = 1 - l. Calculate the remainder when 4 is divided by k.
1
Let z be (-19)/(-6) - (-3)/(-18). Suppose -o = 4*q - 6, -z*q - 61 = -4*o + 58. What is the remainder when o is divided by 15?
11
Suppose b = -3*b + 28. Suppose -3*j - 3 = 8*w - 4*w, -j + 7 = 4*w. Calculate the remainder when (-2)/w + (-118)/(-6) is divided by b.
5
Suppose 2*h + 3*h - 15 = 0. Suppose -14 = -h*y - 2. What is the remainder when 25 is divided by (-1*13)/(y + -5)?
12
Suppose -8 = -5*l - 2*o, -4*l - 5*o + 17 + 3 = 0. Let y(z) = 3*z. Let q be y(2). Suppose 0 = i - l*i - q. What is the remainder when 17 is divided by i?
5
Calculate the remainder when -2 + 1 + -1 + 98 is divided by 14.
12
Suppose 2*x + 0*x = 78. Suppose -x = 3*a - 6*a. What is the remainder when a is divided by 7?
6
Let r(i) = 17 + 7*i + 8*i - 14*i**2 + i**3 - 15. Let o be r(13). Suppose -o = -0*c - 2*c. What is the remainder when 41 is divided by c?
13
Let h = 72 + -46. Calculate the remainder when 102 is divided by h.
24
Let t = 14 + -10. Suppose -2*l - 15 = -5*y, 8 = 2*l - 3*l + 3*y. What is the remainder when l + 4 - (-10 + -1) is divided by t?
2
Let z(a) = 14*a - 68. Calculate the remainder when -2*31/(-2) - 1 is divided by z(6).
14
Let k(h) = -h**3 - 7*h**2 - 6*h + 7. Suppose 0 = -a - a - 4. What is the remainder when k(-6) is divided by (-4)/a + (-3)/(-3)?
1
What is the remainder when 77 is divided by -3 - 0 - (-46)/2?
17
Let z be ((-6)/(-4))/(15/80). Let l = z - 5. Calculate the remainder when 5 is divided by l.
2
Let i(c) = c**3 - 3*c**2 - 11*c - 8. Calculate the remainder when i(6) is divided by 7.
6
Suppose 12 = d - 8. Calculate the remainder when d is divided by (1 - 0) + (5 - -1).
6
Let d(c) = -46*c. Calculate the remainder when d(-1) is divided by 12.
10
Let k be ((-3)/2)/((-12)/(-32)). Let z = 7 - -12. Calculate the remainder when z is divided by 21*(1 + k/6).
5
Let z(p) = -3*p - 1. Let x be z(-3). Let b = x - 5. Suppose -8 = -b*u + 31. Calculate the remainder when 38 is divided by u.
12
Let t be (1 + (-1)/(-2))*(-16)/(-12). Suppose 0 = -2*z + z + 2. Suppose -z*n - t*n + 20 = 0. What is the remainder when 14 is divided by n?
4
Suppose -5*f - 3 = -28. Suppose -2*s - s + 9 = 0. What is the remainder when f is divided by s?
2
Suppose 4*v - 2*v - 4*m - 122 = 0, 4*m + 4 = 0. What is the remainder when v is divided by 22?
15
Suppose -2*y = -0 + 6, 0 = 4*o + 4*y - 12. Calculate the remainder when o is divided by 2.
0
Let g(z) = z**2 - 22*z + 37. Calculate the remainder when g(23) is divided by 21.
18
Suppose 3*r = -3, -2*m + 0*r - 2 = 2*r. Suppose 4*w - 23 - 93 = m. What is the remainder when w is divided by 15?
14
Suppose 2*m = 5*x - 178, -2*x - 2*m = -0*x - 60. What is the remainder when 119 is divided by x?
17
Suppose -39 = -8*x + 33. What is the remainder when 80 is divided by x?
8
What is the remainder when (-5)/1 + (33 - 7) is divided by 14?
7
Suppose d = -j - 2, 0 = -2*d + 3*j - 2*j - 13. Suppose -5*r = -3*i - 91, 0 = 6*i - 2*i + 8. Let w = d + r. What is the remainder when 22 is divided by w?
10
Let y(v) = -2*v - 55. Calculate the remainder when 17 is divided by y(-30).
2
Let q = -3 - -5. Let i be q + -1 + 5 + -1. Suppose -i*t - 3*f = -46 + 11, 0 = -4*t + f + 11. What is the remainder when 7 is divided by t?
3
Let x = 27 - 18. Let b(j) = 2*j**2 - 3*j - 4. Let v(n) = n - 7. Let y be v(10). What is the remainder when x is divided by b(y)?
4
Let s = -22 - -42. What is the remainder when 36 is divided by s?
16
Let l(s) = -1 + 2*s + 3*s - 4*s. Let i = 17 + 12. Calculate the remainder when i is divided by l(11).
9
Suppose 3*j = 5*x + 7*j - 177, -x + 45 = 4*j. Calculate the remainder when x is divided by 7.
5
Let o(w) = w**2 - 7*w - 11. What is the remainder when 2/(-7) + 3152/56 is divided by o(10)?
18
Let a(q) = q + 6. Let k be a(-3). Let d be ((-1)/2)/(k/(-48)). Let x(f) = f**3 - 6*f**2 - 12*f + 12. Calculate the remainder when x(d) is divided by 15.
14
Let o(m) = -2*m - 9. Let j be o(-7). Calculate the remainder when 2*8*j/4 is divided by 7.
6
Suppose 2*l + 5 = -1. Let r = l - -7. What is the remainder when 14 is divided by r?
2
Let k(x) = -x + 6. Calculate the remainder when 28 is divided by k(-2).
4
Let b be (1098/15)/((-3)/(-10)). Suppose -k + b = 3*k. Calculate the remainder when k is divided by 21.
19
Suppose 4*c - 285 = -0*c + 3*h, c - 4*h - 55 = 0. Let m(r) = -18*r - 161. Calculate the remainder when c is divided 